 and n.
9
Let t(v) = v**3 + 7*v**2 - 14*v - 20. Let p be t(-8). What is the highest common divisor of p and 252?
28
Suppose z + 0*o = 2*o + 99, 4*z = -5*o + 435. Calculate the highest common factor of 70 and z.
35
Suppose 3*q - 4*o = 266, q + 1002*o = 1006*o + 86. What is the highest common divisor of 1710 and q?
90
Suppose -6*n + 2*n = c - 230, -4*n - 960 = -4*c. What is the highest common factor of c and 14?
14
Let v(l) = 7*l**2 - 3. Let i be v(-2). Let a = 11 + -7. Suppose u - 6 = a. What is the greatest common divisor of u and i?
5
Let f be (-5484)/(-10) - (72/30)/(-4). Suppose -2*j - 3*k = j - f, 0 = -j - 3*k + 189. What is the greatest common divisor of j and 72?
36
Let v = -12 - -13. Let y = v - -11. Suppose -2*g = -3*t - 83 + 11, -2*g = -2*t - 68. What is the highest common factor of g and y?
6
Let x = 1772 - 1338. What is the highest common factor of x and 186?
62
Let g be 260 - 0/(-2) - (11 - 15). Suppose 0 = -9*h + 4*h + 20. Let l = 28 - h. What is the highest common divisor of l and g?
24
Let k be (-4)/10 + 102/5. Let u = 114 + -108. Suppose 0 = -4*h - l + 12, u = -4*h + 3*l + 34. Calculate the greatest common divisor of h and k.
4
Let s be (1 - -1) + (1/(-1) - -39). Let q(x) = x**2 - 4*x - 5. Let r be q(7). What is the greatest common factor of s and r?
8
Let a(m) = -m**2 - 18*m. Suppose 2*r + 2*r + 40 = -3*o, 2*o = 2*r + 34. Let s be a(r). Calculate the greatest common factor of s and 26.
13
Let b(o) = o. Let h be b(9). Let a(f) = -217*f - 1. Let m be a(-1). Suppose -5*i + 2*i + m = 0. Calculate the greatest common divisor of i and h.
9
Let k be (-30)/(-9) + 2/3. Let a(s) = s - 2*s + 0*s + k. Let t be a(1). What is the highest common divisor of t and 9?
3
Suppose -110 - 79 = -5*d - 2*y, 0 = -3*y + 6. Let z = d + -17. Let r be (2/5)/((-76)/(-25) + -3). Calculate the greatest common divisor of z and r.
10
Let o(i) = -i**3 - i**2 + 5*i + 2. Let z = -1 - 2. Let k be o(z). Let l(d) = 7*d - 9. Let x be l(7). Calculate the greatest common divisor of k and x.
5
Let b(l) be the first derivative of l**4/4 - 2*l**3/3 - 4*l**2 + 10*l - 9. Let y be b(4). Calculate the highest common divisor of 5 and y.
5
Suppose -10 = -a + 3*a, -3*m = -3*a - 27. Suppose 0 = -5*r + 5*b, 3*r - 2*b = 3*b - m. Let g = -1708 + 1718. Calculate the greatest common divisor of r and g.
2
Suppose -5*h - 116 = 129. Let k = 81 + h. Let i(n) = 3*n**2 + 1. Let p be i(-1). What is the greatest common factor of k and p?
4
Suppose -16*t + 32 = -64. Suppose 3*n - 322 = -4*m, -2*n - 5*m = -0*n - 224. Calculate the highest common factor of t and n.
6
Let v be 7*(26/14 + -1). Suppose v*t = 4*t. Let a = 1 - t. Calculate the greatest common divisor of a and 10.
1
Let i(m) = -2 - 9*m**2 - 11*m - 2*m**3 + m**3 - 6. Let a be i(-8). Suppose 5*l = l + a. What is the greatest common factor of 10 and l?
2
Let o(q) = q**2 - 21*q - 742. Let y be o(-19). Let n be 0 - -4 - 2 - 0. What is the greatest common divisor of y and n?
2
Suppose -4*s + 52 = -0*s - 4*i, 11 = 2*s + 3*i. Calculate the greatest common divisor of 545 and s.
5
Let r = -228 - -333. What is the greatest common divisor of 15 and r?
15
Let i = 110 - 55. Let a = 67 - i. What is the greatest common divisor of a and 48?
12
Suppose 7*p = -17 - 25. Let r(u) = u**2 - 5*u - 2. Let d be r(p). Calculate the greatest common divisor of 8 and d.
8
Let o = 40 + -143. Let a = o + 151. What is the highest common divisor of a and 6?
6
Let z = 19 - 14. Suppose 0 = -z*i + i + 72. Let p(q) = -q**2 - 10*q + 3. Let h be p(-9). Calculate the highest common divisor of h and i.
6
Let x = -234 - -249. Calculate the greatest common factor of 5 and x.
5
Suppose -37*o = -2776 + 963. What is the greatest common factor of o and 1127?
49
Let w = -41 + 24. Let a = -15 - w. Calculate the greatest common divisor of a and 2.
2
Let k = 435 - -41. Calculate the greatest common factor of 68 and k.
68
Suppose x - 427 = -z - z, 5*z = 2*x + 1090. What is the greatest common factor of 16 and z?
8
Let i = 69 - 28. Let m = i - 23. What is the greatest common factor of m and 45?
9
Let f be 34*(1 - 3/6). Let n = f + -6. Calculate the greatest common divisor of n and 11.
11
Let c = 160 + -132. Let s be (-6)/(-3)*106/4. Suppose -u + s = 3*w, 2*u + 4*w - 13 = 95. What is the greatest common divisor of u and c?
28
Let w be 15 + -4 - (-2)/(-1). Let m(v) = -2*v**2 - 38*v + 9. Let a be m(-18). What is the highest common divisor of w and a?
9
Let d = 26 + -22. Let l be 182 - (d + -3 - 3). Calculate the greatest common factor of 23 and l.
23
Suppose s + 66 = 5*b, -3*b + 58 = -0*b + 4*s. Suppose -16*x - b = -78. Calculate the greatest common factor of x and 4.
4
Suppose 3*f + 12 = 5*f. Suppose 7*r - f = 4*r. Suppose -r*k - 4*a + 32 = 0, 5*a + 2 = -0*k + k. Calculate the greatest common factor of k and 84.
12
Let b be 40/(-15)*18/(-4). Let n(l) = -l**2 - 5*l - 4. Let v be n(-3). What is the greatest common divisor of v and b?
2
Suppose -2*t + t + 30 = -3*r, 2*t - 3*r - 54 = 0. Suppose -11*k + 72 = -8*k. What is the highest common factor of k and t?
24
Let w = -1 - -3. Suppose -31 = 13*o - 36 - 34. Calculate the highest common factor of o and w.
1
Let r be 4/(-4*(-2)/1102). Calculate the greatest common divisor of r and 145.
29
Suppose -8*d + 5*d + 12 = 0. Let w(g) = 15*g + 1. Let r be w(1). Calculate the highest common factor of r and d.
4
Let k be -4*((-22)/(-4))/(-1). Suppose -21*g + 2993 = -1165. Calculate the greatest common divisor of k and g.
22
Let t(y) be the third derivative of -5*y**4/24 - 13*y**3/6 + y**2. Let s be t(-6). Let a be 51/(-2 - 1)*-4. What is the greatest common divisor of s and a?
17
Let v be 30*(-3)/(9/(-13)). Let o(w) = -3*w + 25. Let g be o(-9). Calculate the highest common factor of g and v.
26
Let p be (11 - 3) + -17 + 24. What is the greatest common factor of 55 and p?
5
Suppose -4*s + 11*s = 651. Suppose -3*f - 15 = -s. Calculate the greatest common factor of f and 2.
2
Suppose -12*a = -13*a + 276. Calculate the greatest common factor of 1196 and a.
92
Let w(n) = 4*n**2 - 3*n - 2. Let h be w(4). Let a be (-13)/(3 + h/(-16)). What is the greatest common divisor of a and 13?
13
Let i(y) = -95*y + 2139. Let s be i(22). Suppose -2*j + 10 + 32 = 0. What is the highest common factor of s and j?
7
Suppose -83*o + 4774 = -69*o. Calculate the highest common divisor of 33 and o.
11
Let b = -145 + 241. Calculate the greatest common divisor of 24 and b.
24
Suppose 9*n - 2*n - 3570 = 0. Let v = -339 + n. Calculate the greatest common factor of 19 and v.
19
Let o = 322 - -497. What is the greatest common factor of 351 and o?
117
Suppose -2*t = -0*t - 8. Suppose -t*o + 17 = 5*s, o = s + 2*s - 17. Suppose -6 = 4*w - s*w. What is the highest common factor of w and 66?
6
Let k = -117 - -223. Suppose 4*w - 8 = 4*n, 3*n = 4*n + 3*w - 14. Suppose 53 + 75 = 4*d + n*t, 3*d + 4*t = k. Calculate the highest common divisor of 10 and d.
10
Let t be (12 - 6)*1/3. Suppose -d = t*d. Suppose -4*g + d*j - 2*j = -92, -2*j + 8 = 0. What is the greatest common factor of 168 and g?
21
Suppose -d - 316 = -5*z, 56 = z - 4*d - 11. Calculate the highest common factor of z and 77.
7
Let c = 1012 + -1009. What is the highest common divisor of c and 3?
3
Suppose -4*h + w = -75, -4 = -2*w + 6. Let m(b) = -20*b + 460. Let p be m(12). What is the greatest common factor of p and h?
20
Suppose c + c = 6, j - 2*c = 63. Suppose 0 = o - 3*m - 36, -4*o + 47 = -5*m - j. What is the highest common factor of 168 and o?
24
Let v be 265/(-25) + 2/(-5). Let p be 1956/18 + 6/(-9). Let m be (-2)/v + p/11. What is the highest common factor of 10 and m?
10
Suppose -3*j + 5*j = 0. Suppose -4*d - 2*z - 4 = 0, 18 = -5*d + 4*z - j*z. Let r be ((-26)/d)/(3 + -2). What is the highest common factor of 65 and r?
13
Let j(c) = -19*c + 186. Let d be j(-3). What is the highest common factor of 108 and d?
27
Suppose -2*y = -2*m - 684, -2*y + 434 + 250 = 5*m. What is the greatest common factor of 36 and y?
18
Let r(c) = c**3 + 11*c**2 + c + 27. Let a be r(-11). What is the highest common divisor of a and 752?
16
Suppose 20*n - 23*n - 21 = 0. Let p = n + 34. Calculate the greatest common factor of 9 and p.
9
Let y = 220 + -106. Let a = y + -110. Calculate the greatest common divisor of 10 and a.
2
Let j be (-22641)/(-14) -